Let m(i) = 6*i + 12. Suppose -80 + 26 = 6*u. Let s be (-32)/(-7) + u/(315/20). Let k be m(s). Calculate the highest common factor of k and 6.
6
Let i = 5954 - 5891. What is the greatest common divisor of 14679 and i?
63
Let x = 2514 + 2666. Calculate the highest common factor of 280 and x.
140
Let n(r) = r**3 - 6*r**2 - 9*r + 25. Let v be n(7). Suppose -2*b - j + 97 = -v, 4*b - 2*j = 200. What is the greatest common factor of 91 and b?
13
Suppose 5*d + 1215 = 2*k + 12693, 0 = 2*d - 2*k - 4590. Calculate the greatest common factor of 41 and d.
41
Let p be 5004 + 42 + (0 - 6). What is the highest common divisor of p and 90?
90
Suppose 15*l + 60*l - 108375 = 0. What is the highest common divisor of 340 and l?
85
Suppose m = -n - 3*n - 4, 0 = 3*m - n + 25. Let r be 7 - ((-6 - m) + -4). Calculate the highest common factor of 144 and r.
9
Suppose -28 = 4*f, 0*w = 4*w + 4*f - 2296. What is the highest common divisor of w and 1826?
83
Let r be -1*(6/3 + -5). Let p(o) = 43*o + 36. Let n be p(r). Calculate the greatest common divisor of 11 and n.
11
Suppose -3*s - 28 = -82. Let m = -97 - -97. Suppose -29*q + 288 + 234 = m. Calculate the highest common divisor of q and s.
18
Let x = 63 + 2142. What is the highest common divisor of 45 and x?
45
Suppose -3*n - 4*k + 22 + 13 = 0, 5*k - 14 = -2*n. Let q be (-1527)/9 + (-4)/(-6). Let g = q - -220. What is the highest common divisor of g and n?
17
Suppose 4*y = -159*y + 1304. Calculate the highest common factor of 404 and y.
4
Suppose 0 = -t + 2*n + 11, 15*t - 11*t - 3*n = 44. Suppose t*r - 336 = -3*r. Calculate the highest common factor of 48 and r.
24
Let t be (-90)/(-27) - 12/9. Let n(k) = -8*k - 4*k + t - 33. Let z be n(-9). Calculate the greatest common factor of z and 11.
11
Suppose 18*u - 192 = 2*u. Let a(q) = -28 + 9 - 5 - 15*q - u. Let s be a(-4). Calculate the greatest common factor of 48 and s.
24
Suppose 42*c + 2179 = 6799. Calculate the highest common divisor of c and 814.
22
Suppose 0 = -207*c + 202*c + 250. Suppose -c*z = -53*z + 51. What is the greatest common divisor of 272 and z?
17
Suppose 364 = 7*x - 336. Suppose 31*f - 30 = 26*f, -4*q - 2*f + 912 = 0. What is the greatest common factor of x and q?
25
Let n be 21/((3/6)/(2/4)). Let q = 21 - n. Suppose q = -4*j + 37 + 11. What is the greatest common factor of j and 96?
12
Let z(s) = s**3 + 11*s**2 + 12*s. Let v be z(-10). Let i = 24 + v. Suppose 18*m - 19*m + 28 = 0. What is the highest common factor of i and m?
4
Suppose -149*t + 444*t = 41005. What is the highest common factor of t and 12510?
139
Let r = 2563 + -2529. What is the greatest common divisor of r and 306?
34
Suppose -k - 5*c = -77, k - 50 = 425*c - 421*c. Calculate the highest common divisor of 6 and k.
2
Let d be (-42)/6 - (1 - (-1 + 14)). Calculate the highest common divisor of 345 and d.
5
Let x be 5 + 323 + (-16 - -11 - 0). Calculate the highest common divisor of x and 133.
19
Let z = -19965 - -19968. What is the greatest common divisor of z and 214?
1
Suppose 7*k = 907 + 3363. Let s = 613 - k. Suppose d - 12 = 3*o, -6*d + 4*d + 17 = o. Calculate the greatest common factor of d and s.
3
Let u(s) = 4*s**3 - 37*s**2 + 4*s + 20. Let x be u(10). Calculate the greatest common divisor of x and 96.
24
Let g be (-264)/(-60) + (-14)/10 + 1. Suppose 3*t - g*u - 428 = t, -221 = -t - 5*u. What is the greatest common factor of 8 and t?
8
Suppose -2026 + 2509 = 3*g - 6657. Calculate the highest common factor of g and 17.
17
Let m = 149 + -144. Suppose -5*b + 121 = m*x - 59, 5*b = -2*x + 168. What is the greatest common divisor of 256 and b?
32
Let i(q) = 974*q**3 + 14*q**2 - 2*q + 3. Let d be i(1). What is the greatest common divisor of 115 and d?
23
Let s(y) = -y**3 + 19*y**2 + 18*y + 22. Let k be s(18). Suppose -71*g + 77 + 1723 = 109*g. What is the greatest common factor of g and k?
10
Let l = 76 - 91. Let g be 18 + l + -3*(-4)/(-6). Calculate the highest common divisor of g and 8.
1
Let h = 30 - 25. Suppose 5*r - 2*c - 196 = 0, 0 = -5*r - h*c + 15 + 160. Suppose 2*l = -35 + 149. What is the highest common factor of r and l?
19
Let x = -108 - -80. Let b be x/(6*(-2)/(-6)). Let v be (-8)/(-28) - (3 + 80/b). Calculate the greatest common factor of 1 and v.
1
Let l = -7904 - -14217. Calculate the greatest common divisor of 118 and l.
59
Let x = 12316 + -12151. What is the greatest common divisor of 29865 and x?
165
Suppose -23805 = -61*u + 111026 + 239709. Calculate the highest common divisor of 120 and u.
20
Let j be 0 - ((-45)/(-5) + -8). Let s be 14 + -11 + 0/(-3) - j. Calculate the highest common factor of 44 and s.
4
Let c(w) = -158*w + 822. Let f be c(5). Suppose -4*s + 3*s = -5. Suppose -s*p + 128 = -112. What is the highest common factor of p and f?
16
Let m(x) = x**3 - 11*x**2 + 66*x - 54. Let n be m(11). Calculate the highest common factor of n and 600.
24
Suppose 2*t + n - 36 = 0, 2*t - t + n = 18. Suppose 82 + 170 = t*b. Let k be (-7 - 1)*(-21)/6. Calculate the greatest common divisor of b and k.
14
Suppose 3*k + 4*i - 49 = 0, 3*i - 3 - 30 = -2*k. Let n(u) = u**2 - 1. Let z be n(3). Suppose f + 42 = z*f. Calculate the highest common divisor of f and k.
3
Suppose 0 = -5*j + 15, 3*j - 8 = 5*n - 19. Suppose -4*c = n - 8. What is the highest common divisor of c and 137?
1
Let v = 243 - 243. Suppose v = 40*x - 38*x - 6. Calculate the highest common factor of x and 69.
3
Let a be (0 - -2) + 24 - (-525)/105. Calculate the highest common divisor of a and 31.
31
Let z = 2947 - 1333. What is the greatest common factor of 6 and z?
6
Suppose -7*b + 1920 = -3*b. Let p = -288 + b. Calculate the greatest common divisor of 24 and p.
24
Let h = -4 + 0. Let d be 2/5 - (-1)/10*h. Suppose 0 = -5*y + n + 27, d = y + 4*n - 10 - 8. Calculate the greatest common divisor of y and 12.
6
Let y be 3550 + (7 - (-8)/(-1)). What is the highest common factor of 7 and y?
7
Suppose 5*i - 85 = h, 2*i = 2*h + 5*i + 209. Let m = h + 140. Suppose 8*n - 6*n = 400. Calculate the greatest common factor of m and n.
40
Let k(w) = -w**2 + 20*w - 79. Let l be k(6). Let r(n) = 3*n + 5. Let s be r(l). What is the highest common factor of 12 and s?
4
Suppose -192*t - 169822 = -233*t. What is the greatest common divisor of 76 and t?
38
Let t(w) = w**2 + 91 - 4*w**2 - 117 - 47*w. Let c be t(-13). What is the highest common factor of 18 and c?
6
Suppose -q - l + l = 2*l - 78, 0 = 2*l - 12. Let i be ((-1)/3)/(3/(-9)). Let s be i*7/((-21)/(-18)). What is the highest common divisor of q and s?
6
Let q be ((-204)/(-2))/(8/(-8)*-1). What is the highest common factor of q and 323?
17
Let a = 40637 + -27032. Calculate the highest common divisor of a and 15.
15
Let b(u) = 18*u + 9. Let r be b(5). Let c(y) = 45*y + 775. Let m be c(-16). What is the highest common divisor of m and r?
11
Let d be ((-6)/(-3))/((-4)/(-182)). Let r = 66 - d. Let c be 5/2*(-60)/r. What is the greatest common factor of c and 3?
3
Let a be ((-540)/648)/((-1)/14748). Calculate the greatest common divisor of 10 and a.
10
Suppose 0 = z - 30 + 7. Suppose -3*h + 4*g + 33 = 0, 14*g - 29 = -5*h + 12*g. Let q = z - h. Calculate the highest common factor of 2 and q.
2
Let n be 225/(18/(-27)*(-9)/6). Calculate the greatest common divisor of n and 1275.
75
Let t = -373 + 371. Let f be (-12 - (9 - 190))/(-1 - t). What is the highest common factor of 13 and f?
13
Let i = 240 + -238. Suppose 5*d - 5*r = 5600, -3*d - i*r + 6*r + 3360 = 0. Calculate the highest common factor of 32 and d.
32
Let h = 31452 + -31444. Suppose 0 = 3*j - 187 + 19. Calculate the greatest common factor of h and j.
8
Let v = 131 + -165. Let f = 5 + -40. Let x = v - f. What is the highest common factor of 8 and x?
1
Let s be 8/((-1)/(127/2 - -5)). Let x be (42/18)/7 + s/(-3). What is the highest common divisor of 122 and x?
61
Suppose 11*s - 210 = 154 + 1099. What is the highest common divisor of 1539 and s?
19
Suppose 0 = -4*v - 73 + 185. Suppose 0*x - 12 = -x. What is the greatest common divisor of x and v?
4
Let s(p) = p**3 + 57*p**2 - 61*p - 69. Let n be s(-58). What is the greatest common factor of 1435 and n?
35
Let y = -42 + 54. Suppose 0 = -4*g + 3*c + 1080, 2*c - 407 = -4*g + 673. Suppose -3*v = -y*v + g. Calculate the greatest common factor of 45 and v.
15
Let f = -385 + 228. Let u = 29